{"id":28,"date":"2011-12-11T07:41:28","date_gmt":"2011-12-11T07:41:28","guid":{"rendered":"http:\/\/pilatestraining-bremen.de\/?page_id=28"},"modified":"2023-04-04T07:52:37","modified_gmt":"2023-04-04T07:52:37","slug":"startseite","status":"publish","type":"page","link":"https:\/\/pilatestraining-bremen.de\/","title":{"rendered":"Start"},"content":{"rendered":"<p><span style=\"color: #3366ff;\">Entdecken Sie in meinen Kursen Ihre Beweglichkeit neu<\/span>.<\/p>\n<p>Ich biete Pilates-Kurse an \u2013 in einen 120 qm gro\u00dfen hellen Raum im Bremer \u201eViertel\u201c, in der\u00a0 Grundstra\u00dfe 3.<\/p>\n<p><a href=\"http:\/\/pilatestraining-bremen.de\/wp-content\/uploads\/2014\/01\/IMG_9087BeatevSchwarzkopfFotoHoppens.jpg\"><img loading=\"lazy\" decoding=\"async\" class=\"alignleft size-large wp-image-273\" title=\"Beate von Schwarzkopf\" src=\"http:\/\/pilatestraining-bremen.de\/wp-content\/uploads\/2014\/01\/IMG_9087BeatevSchwarzkopfFotoHoppens-1024x682.jpg\" alt=\"Beate von Schwarzkopf\" width=\"584\" height=\"388\" srcset=\"https:\/\/pilatestraining-bremen.de\/wp-content\/uploads\/2014\/01\/IMG_9087BeatevSchwarzkopfFotoHoppens-1024x682.jpg 1024w, https:\/\/pilatestraining-bremen.de\/wp-content\/uploads\/2014\/01\/IMG_9087BeatevSchwarzkopfFotoHoppens-300x200.jpg 300w, https:\/\/pilatestraining-bremen.de\/wp-content\/uploads\/2014\/01\/IMG_9087BeatevSchwarzkopfFotoHoppens-450x300.jpg 450w\" sizes=\"auto, (max-width: 584px) 100vw, 584px\" \/><\/a><\/p>\n<p>Sie entscheiden sich f\u00fcr einen 10 Wochen-Kurs \u00a0und werden sp\u00fcren, wie das Training sich schon 1 mal pro Woche positiv auf Ihren K\u00f6rper auswirkt.<\/p>\n<p>Durch meine\u00a0 vielf\u00e4ltigen Ausbildungen bringe ich in den Kursen verschiedene Bewegungsimpulse ein, die Sie zu nat\u00fcrlicher Leichtigkeit f\u00fchren.<\/p>\n<p><span style=\"color: #3366ff;\"><strong>Die Pilates-Kurse sind bei den Krankenkassen als Pr\u00e4ventionsangebot anerkannt.<\/strong><\/span><\/p>\n<p>Herzlich willkommen in meinen Kursen.<\/p>\n","protected":false},"excerpt":{"rendered":"<p>Entdecken Sie in meinen Kursen Ihre Beweglichkeit neu. Ich biete Pilates-Kurse an \u2013 in einen 120 qm gro\u00dfen hellen Raum im Bremer \u201eViertel\u201c, in der\u00a0 Grundstra\u00dfe 3. Sie entscheiden sich f\u00fcr einen 10 Wochen-Kurs \u00a0und werden sp\u00fcren, wie das Training &hellip; <a href=\"https:\/\/pilatestraining-bremen.de\/\">Weiterlesen <span class=\"meta-nav\">&rarr;<\/span><\/a><\/p>\n","protected":false},"author":1,"featured_media":0,"parent":0,"menu_order":0,"comment_status":"closed","ping_status":"closed","template":"sidebar-page.php","meta":{"footnotes":""},"class_list":["post-28","page","type-page","status-publish","hentry"],"_links":{"self":[{"href":"https:\/\/pilatestraining-bremen.de\/index.php?rest_route=\/wp\/v2\/pages\/28","targetHints":{"allow":["GET"]}}],"collection":[{"href":"https:\/\/pilatestraining-bremen.de\/index.php?rest_route=\/wp\/v2\/pages"}],"about":[{"href":"https:\/\/pilatestraining-bremen.de\/index.php?rest_route=\/wp\/v2\/types\/page"}],"author":[{"embeddable":true,"href":"https:\/\/pilatestraining-bremen.de\/index.php?rest_route=\/wp\/v2\/users\/1"}],"replies":[{"embeddable":true,"href":"https:\/\/pilatestraining-bremen.de\/index.php?rest_route=%2Fwp%2Fv2%2Fcomments&post=28"}],"version-history":[{"count":33,"href":"https:\/\/pilatestraining-bremen.de\/index.php?rest_route=\/wp\/v2\/pages\/28\/revisions"}],"predecessor-version":[{"id":479,"href":"https:\/\/pilatestraining-bremen.de\/index.php?rest_route=\/wp\/v2\/pages\/28\/revisions\/479"}],"wp:attachment":[{"href":"https:\/\/pilatestraining-bremen.de\/index.php?rest_route=%2Fwp%2Fv2%2Fmedia&parent=28"}],"curies":[{"name":"wp","href":"https:\/\/api.w.org\/{rel}","templated":true}]}}

<p><span style="color: #3366ff;">Entdecken Sie in meinen Kursen Ihre Beweglichkeit neu</span>.</p>
<p>Ich biete Pilates-Kurse an – in einen 120 qm großen hellen Raum im Bremer „Viertel“, in der  Grundstraße 3.</p>
<p><a href="http://pilatestraining-bremen.de/wp-content/uploads/2014/01/IMG_9087BeatevSchwarzkopfFotoHoppens.jpg"><img loading="lazy" decoding="async" class="alignleft size-large wp-image-273" title="Beate von Schwarzkopf" src="http://pilatestraining-bremen.de/wp-content/uploads/2014/01/IMG_9087BeatevSchwarzkopfFotoHoppens-1024x682.jpg" alt="Beate von Schwarzkopf" width="584" height="388" srcset="https://pilatestraining-bremen.de/wp-content/uploads/2014/01/IMG_9087BeatevSchwarzkopfFotoHoppens-1024x682.jpg 1024w, https://pilatestraining-bremen.de/wp-content/uploads/2014/01/IMG_9087BeatevSchwarzkopfFotoHoppens-300x200.jpg 300w, https://pilatestraining-bremen.de/wp-content/uploads/2014/01/IMG_9087BeatevSchwarzkopfFotoHoppens-450x300.jpg 450w" sizes="auto, (max-width: 584px) 100vw, 584px" /></a></p>
<p>Sie entscheiden sich für einen 10 Wochen-Kurs  und werden spüren, wie das Training sich schon 1 mal pro Woche positiv auf Ihren Körper auswirkt.</p>
<p>Durch meine  vielfältigen Ausbildungen bringe ich in den Kursen verschiedene Bewegungsimpulse ein, die Sie zu natürlicher Leichtigkeit führen.</p>
<p><span style="color: #3366ff;"><strong>Die Pilates-Kurse sind bei den Krankenkassen als Präventionsangebot anerkannt.</strong></span></p>
<p>Herzlich willkommen in meinen Kursen.</p>

<p>Entdecken Sie in meinen Kursen Ihre Beweglichkeit neu. Ich biete Pilates-Kurse an – in einen 120 qm großen hellen Raum im Bremer „Viertel“, in der  Grundstraße 3. Sie entscheiden sich für einen 10 Wochen-Kurs  und werden spüren, wie das Training &hellip; <a href="https://pilatestraining-bremen.de/">Weiterlesen <span class="meta-nav">&rarr;</span></a></p>
