{"id":66,"date":"2011-12-13T11:55:53","date_gmt":"2011-12-13T11:55:53","guid":{"rendered":"http:\/\/pilatestraining-bremen.de\/?page_id=66"},"modified":"2013-03-15T16:06:30","modified_gmt":"2013-03-15T16:06:30","slug":"lehrerin","status":"publish","type":"page","link":"https:\/\/pilatestraining-bremen.de\/?page_id=66","title":{"rendered":"Die Trainerin"},"content":{"rendered":"<p><a href=\"http:\/\/pilatestraining-bremen.de\/wp-content\/uploads\/2011\/12\/BeateSchwarzkopf.jpg\"><img loading=\"lazy\" decoding=\"async\" class=\"size-medium wp-image-108        alignleft\" title=\"Portr\u00e4t Beate von Schwarzkopf\" src=\"http:\/\/pilatestraining-bremen.de\/wp-content\/uploads\/2011\/12\/BeateSchwarzkopf-221x300.jpg\" alt=\"Portr\u00e4t Beate von Schwarzkopf\" width=\"163\" height=\"221\" srcset=\"https:\/\/pilatestraining-bremen.de\/wp-content\/uploads\/2011\/12\/BeateSchwarzkopf-221x300.jpg 221w, https:\/\/pilatestraining-bremen.de\/wp-content\/uploads\/2011\/12\/BeateSchwarzkopf.jpg 437w\" sizes=\"auto, (max-width: 163px) 100vw, 163px\" \/><\/a><\/p>\n<p><span style=\"color: #3366ff;\">Zu meiner Person:<\/span><\/p>\n<p><em>&#8222;Ich erlebe das Pilatestraining, aus eigener Erfahrung, als eine \u00e4u\u00dferst effektive Methode, R\u00fcckenschmerzen zu beheben und den K\u00f6rper insgesamt auf eine behutsame Art zu st\u00e4rken. Ein besonderer Schwerpunkt ist f\u00fcr mich die hohe Konzentration auf den eigenen K\u00f6rper, was insgesamt auch zu einer Entspannung f\u00fchrt und unsere \u201eMitte\u201c st\u00e4rkt&#8230;<\/em><\/p>\n<p style=\"text-align: center;\"><em>Ich bin 1962 geboren, Mutter zweier Kinder, Ergotherapeutin, Bewegungsp\u00e4dagogin, R\u00fcckenschullehrerin (Bund deutscher R\u00fcckenschulen) und Pilates-Trainerin (ausgebildetin Essence<sup>\u00ae<\/sup>-Pilates ).<\/em><\/p>\n<p><em>\u00a0\u00a0\u00a0\u00a0 An verschiedenen Pilateskursen nehme ich seit 2005 teil.\u00a0\u00a0\u00a0\u00a0\u00a0\u00a0\u00a0\u00a0\u00a0\u00a0\u00a0\u00a0\u00a0\u00a0\u00a0\u00a0\u00a0\u00a0\u00a0\u00a0\u00a0\u00a0\u00a0\u00a0\u00a0\u00a0\u00a0\u00a0\u00a0\u00a0\u00a0\u00a0\u00a0\u00a0\u00a0\u00a0\u00a0\u00a0\u00a0\u00a0\u00a0 \u00a0\u00a0\u00a0\u00a0\u00a0\u00a0 \u00a0\u00a0\u00a0 Seit 2010 gebe ich Pilates-Kurse.<\/em><\/p>\n","protected":false},"excerpt":{"rendered":"<p>Zu meiner Person: &#8222;Ich erlebe das Pilatestraining, aus eigener Erfahrung, als eine \u00e4u\u00dferst effektive Methode, R\u00fcckenschmerzen zu beheben und den K\u00f6rper insgesamt auf eine behutsame Art zu st\u00e4rken. Ein besonderer Schwerpunkt ist f\u00fcr mich die hohe Konzentration auf den eigenen &hellip; <a href=\"https:\/\/pilatestraining-bremen.de\/?page_id=66\">Weiterlesen <span class=\"meta-nav\">&rarr;<\/span><\/a><\/p>\n","protected":false},"author":1,"featured_media":0,"parent":0,"menu_order":0,"comment_status":"closed","ping_status":"closed","template":"sidebar-page.php","meta":{"footnotes":""},"class_list":["post-66","page","type-page","status-publish","hentry"],"_links":{"self":[{"href":"https:\/\/pilatestraining-bremen.de\/index.php?rest_route=\/wp\/v2\/pages\/66","targetHints":{"allow":["GET"]}}],"collection":[{"href":"https:\/\/pilatestraining-bremen.de\/index.php?rest_route=\/wp\/v2\/pages"}],"about":[{"href":"https:\/\/pilatestraining-bremen.de\/index.php?rest_route=\/wp\/v2\/types\/page"}],"author":[{"embeddable":true,"href":"https:\/\/pilatestraining-bremen.de\/index.php?rest_route=\/wp\/v2\/users\/1"}],"replies":[{"embeddable":true,"href":"https:\/\/pilatestraining-bremen.de\/index.php?rest_route=%2Fwp%2Fv2%2Fcomments&post=66"}],"version-history":[{"count":23,"href":"https:\/\/pilatestraining-bremen.de\/index.php?rest_route=\/wp\/v2\/pages\/66\/revisions"}],"predecessor-version":[{"id":72,"href":"https:\/\/pilatestraining-bremen.de\/index.php?rest_route=\/wp\/v2\/pages\/66\/revisions\/72"}],"wp:attachment":[{"href":"https:\/\/pilatestraining-bremen.de\/index.php?rest_route=%2Fwp%2Fv2%2Fmedia&parent=66"}],"curies":[{"name":"wp","href":"https:\/\/api.w.org\/{rel}","templated":true}]}}