{"id":77,"date":"2011-12-13T12:11:18","date_gmt":"2011-12-13T12:11:18","guid":{"rendered":"http:\/\/pilatestraining-bremen.de\/?page_id=77"},"modified":"2023-04-04T07:58:58","modified_gmt":"2023-04-04T07:58:58","slug":"referenzen","status":"publish","type":"page","link":"https:\/\/pilatestraining-bremen.de\/?page_id=77","title":{"rendered":"Referenzen"},"content":{"rendered":"<p><strong><span style=\"color: #3366ff;\">Stimmen einzelner Pilates-TeilnehmerInnen<\/span>:<\/strong><\/p>\n<p><em>\u201eIch f\u00fchle mich nach jeder Pilatesstunde viel gr\u00f6\u00dfer und besser im Gleichgewicht\u201c.<\/em><\/p>\n<p><em>\u201eEine sch\u00f6ne Stunde, geleitet von einer fachlich qualifizierten und sehr freundlichen Pilates-Lehrerin, kleine Gruppe und zentraler Ort.\u201c<\/em><\/p>\n<p><em>\u201ePilates kr\u00e4ftigt Muskeln von denen ich nicht wusste, dass ich sie habe. Sehr gut finde ich das Anspannen der Beckenbodenmuskeln bei den \u00dcbungen. Besonders meine verspannten Schultern kann ich\u00a0durch das\u00a0Pilatestraining gut loslassen. Ich f\u00fchle mich nach der Stunde sehr entspannt.\u201c<\/em><\/p>\n<p><em>&#8222;Durch deine warmherzige, pr\u00e4zise Anleitung mit flie\u00dfenden \u00dcberg\u00e4ngen, f\u00fchle ich mich jedesmal\u00a0nach dem Pilatestraining\u00a0frei, weit, leicht und aufrecht mit gutem Bodenkontakt. Herzlichen Dank!&#8220;<\/em><\/p>\n<p style=\"text-align: center;\">\n","protected":false},"excerpt":{"rendered":"<p>Stimmen einzelner Pilates-TeilnehmerInnen: \u201eIch f\u00fchle mich nach jeder Pilatesstunde viel gr\u00f6\u00dfer und besser im Gleichgewicht\u201c. \u201eEine sch\u00f6ne Stunde, geleitet von einer fachlich qualifizierten und sehr freundlichen Pilates-Lehrerin, kleine Gruppe und zentraler Ort.\u201c \u201ePilates kr\u00e4ftigt Muskeln von denen ich nicht wusste, &hellip; <a href=\"https:\/\/pilatestraining-bremen.de\/?page_id=77\">Weiterlesen <span class=\"meta-nav\">&rarr;<\/span><\/a><\/p>\n","protected":false},"author":1,"featured_media":0,"parent":0,"menu_order":0,"comment_status":"closed","ping_status":"closed","template":"sidebar-page.php","meta":{"footnotes":""},"class_list":["post-77","page","type-page","status-publish","hentry"],"_links":{"self":[{"href":"https:\/\/pilatestraining-bremen.de\/index.php?rest_route=\/wp\/v2\/pages\/77","targetHints":{"allow":["GET"]}}],"collection":[{"href":"https:\/\/pilatestraining-bremen.de\/index.php?rest_route=\/wp\/v2\/pages"}],"about":[{"href":"https:\/\/pilatestraining-bremen.de\/index.php?rest_route=\/wp\/v2\/types\/page"}],"author":[{"embeddable":true,"href":"https:\/\/pilatestraining-bremen.de\/index.php?rest_route=\/wp\/v2\/users\/1"}],"replies":[{"embeddable":true,"href":"https:\/\/pilatestraining-bremen.de\/index.php?rest_route=%2Fwp%2Fv2%2Fcomments&post=77"}],"version-history":[{"count":16,"href":"https:\/\/pilatestraining-bremen.de\/index.php?rest_route=\/wp\/v2\/pages\/77\/revisions"}],"predecessor-version":[{"id":483,"href":"https:\/\/pilatestraining-bremen.de\/index.php?rest_route=\/wp\/v2\/pages\/77\/revisions\/483"}],"wp:attachment":[{"href":"https:\/\/pilatestraining-bremen.de\/index.php?rest_route=%2Fwp%2Fv2%2Fmedia&parent=77"}],"curies":[{"name":"wp","href":"https:\/\/api.w.org\/{rel}","templated":true}]}}